f 33?
False
Is 14 a factor of 1539607874?
True
Does 52 divide 14900496?
True
Is 80973694 a multiple of 431?
True
Is 1022 a factor of 107723373?
False
Is 72021418 a multiple of 161?
True
Is 6 a factor of 46077216?
True
Is 539347220 a multiple of 580?
True
Does 167 divide 105790476?
False
Is 1344078237 a multiple of 153?
False
Is 11149623 a multiple of 1529?
False
Is 654722003 a multiple of 1565?
False
Is 14481265 a multiple of 16?
False
Is 129 a factor of 5234046?
True
Is 29 a factor of 939793?
False
Is 1676359424 a multiple of 2956?
True
Is 39366096 a multiple of 48?
True
Does 15 divide 404161425?
True
Is 278472019 a multiple of 3288?
False
Does 1474 divide 4234770597?
False
Does 1521 divide 1277468127?
True
Is 199786747 a multiple of 16?
False
Does 881 divide 308173800?
True
Is 15695362 a multiple of 1458?
False
Is 180 a factor of 218212200?
True
Does 203 divide 23418140?
False
Does 37 divide 31652538?
True
Does 1183 divide 983333260?
True
Is 1010410337 a multiple of 10?
False
Does 19 divide 25475637?
True
Is 32 a factor of 659570333?
False
Is 2835772349 a multiple of 25?
False
Is 949119792 a multiple of 34?
True
Is 2332 a factor of 106502440?
True
Is 2115270699 a multiple of 2038?
False
Does 171 divide 54161647?
False
Does 23 divide 276889318?
True
Is 50 a factor of 137682783?
False
Is 3514308725 a multiple of 20?
False
Does 21 divide 501306174?
False
Is 1702 a factor of 21366613?
False
Is 26 a factor of 394420?
True
Does 16 divide 903702594?
False
Does 2151 divide 61768116?
True
Is 214199909 a multiple of 139?
False
Does 523 divide 401629398?
False
Does 16 divide 636121130?
False
Does 276 divide 43289586?
False
Is 773 a factor of 125908343?
False
Is 5 a factor of 30814394?
False
Is 4 a factor of 314282499?
False
Is 21470060 a multiple of 89?
False
Is 31212468 a multiple of 1417?
False
Is 41 a factor of 168490437?
False
Does 83 divide 280279819?
False
Does 109 divide 123407155?
False
Is 145 a factor of 114879875?
True
Is 1238814447 a multiple of 5174?
False
Is 4061 a factor of 705643421?
True
Is 42276403 a multiple of 51?
False
Does 3 divide 806825928?
True
Is 61 a factor of 216639450?
False
Does 18 divide 119545992?
True
Does 17 divide 249501027?
True
Does 559 divide 10528864?
False
Is 2859103 a multiple of 109?
False
Does 183 divide 13214430?
True
Is 876 a factor of 892825332?
True
Does 72 divide 359742627?
False
Does 829 divide 1015954422?
True
Does 44 divide 110606100?
True
Is 3 a factor of 377954388?
True
Is 1816 a factor of 114750126?
False
Does 183 divide 16426263?
True
Is 146532464 a multiple of 9776?
True
Is 334056873 a multiple of 11?
False
Is 11 a factor of 30026738?
False
Is 5 a factor of 132193146?
False
Does 429 divide 20600136?
False
Does 8 divide 47839512?
True
Does 5976 divide 117325867?
False
Is 46 a factor of 8027322?
True
Is 7890515 a multiple of 148?
False
Does 14 divide 322750582?
True
Is 15 a factor of 2904051120?
True
Is 76 a factor of 21767464?
True
Does 125 divide 538010250?
True
Is 114 a factor of 10647163?
False
Is 1819290785 a multiple of 65?
True
Does 13 divide 3729349?
True
Is 39 a factor of 576137250?
True
Is 1395 a factor of 18984269?
False
Is 89 a factor of 1400980207?
False
Does 17 divide 737595984?
False
Is 16 a factor of 356772415?
False
Is 553 a factor of 114746408?
False
Is 2022902 a multiple of 20?
False
Does 53 divide 29231324?
False
Is 346888085 a multiple of 41?
True
Is 2139840 a multiple of 64?
True
Is 5343294 a multiple of 4?
False
Is 2250678105 a multiple of 1719?
True
Is 105 a factor of 23271150?
True
Is 31058146 a multiple of 404?
False
Is 306 a factor of 658553004?
True
Is 3315564 a multiple of 413?
True
Is 3568 a factor of 855135675?
False
Does 96 divide 816579456?
True
Does 18 divide 982624038?
False
Is 74 a factor of 1773700228?
True
Is 23 a factor of 67425860?
False
Is 114507498 a multiple of 1659?
True
Is 410 a factor of 1497574681?
False
Is 685258563 a multiple of 5080?
False
Does 16 divide 76922817?
False
Does 492 divide 5845921?
False
Does 5 divide 17024602?
False
Is 294202365 a multiple of 180?
False
Is 1481830875 a multiple of 27?
True
Is 1085931719 a multiple of 482?
False
Does 65 divide 54105480?
True
Does 2572 divide 106156728?
True
Is 177256092 a multiple of 474?
True
Does 73 divide 204474971?
True
Is 7 a factor of 118535275?
False
Does 74 divide 825311165?
False
Is 506449173 a multiple of 5279?
False
Does 146 divide 1886366694?
False
Does 1716 divide 19655064?
True
Does 1058 divide 40580308?
False
Does 1028 divide 863448040?
True
Does 36 divide 12006432?
True
Is 22 a factor of 392863988?
True
Is 8 a factor of 22121968?
True
Is 19091122 a multiple of 436?
False
Is 277904 a multiple of 9?
False
Is 2670606636 a multiple of 87?
True
Is 27 a factor of 14243310?
True
Is 28 a factor of 702317326?
False
Is 24289564 a multiple of 883?
True
Is 3 a factor of 15358719?
True
Is 32 a factor of 8000000?
True
Is 17037952 a multiple of 128?
True
Is 85 a factor of 27192860?
True
Does 1258 divide 2398261?
False
Is 1243649 a multiple of 2?
False
Does 657 divide 29321853?
False
Does 1741 divide 270695903?
True
Does 3010 divide 1703103150?
True
Does 48 divide 1340417000?
False
Does 115 divide 27996980?
True
Does 18 divide 74019913?
False
Is 27354354 a multiple of 1607?
True
Is 147 a factor of 82653418?
False
Is 373 a factor of 210922457?
False
Does 39 divide 45391844?
False
Does 119 divide 561350608?
True
Is 222 a factor of 816547968?
True
Does 30 divide 8720863?
False
Does 1195 divide 584875501?
False
Is 3055 a factor of 2287917229?
False
Is 1164813438 a multiple of 2355?
False
Does 2538 divide 889922004?
False
Does 1509 divide 30284653?
False
Is 7662240 a multiple of 240?
True
Does 283 divide 289563053?
True
Is 117148740 a multiple of 5?
True
Does 192 divide 30722688?
True
Does 209 divide 44181298?
False
Is 165474708 a multiple of 1126?
True
Is 457963363 a multiple of 33?
False
Is 1006894 a multiple of 54?
False
Is 13173270 a multiple of 57?
True
Does 39 divide 171544790?
False
Does 202 divide 80069164?
True
Is 17 a factor of 36045253?
True
Does 117 divide 22875021?
True
Is 1462137860 a multiple of 3058?
False
Does 15 divide 50082112?
False
Is 188 a factor of 338142677?
False
Is 658673 a multiple of 11?
False
Is 90 a factor of 79624890?
True
Is 521489983 a multiple of 35?
False
Is 93083105 a multiple of 25?
False
Is 341 a factor of 229715673?
True
Is 522135447 a multiple of 5651?
True
Is 7570665491 a multiple of 7986?
False
Is 2076 a factor of 716145264?
True
Is 11 a factor of 14573503?
False
Is 7 a factor of 664957314?
True
Is 825 a factor of 568425?
True
Is 2014968366 a multiple of 469?
False
Is 974 a factor of 159893173?
False
Is 532556856 a multiple of 4563?
True
Is 4 a factor of 570988226?
False
Is 15 a factor of 54706814?
False
Is 14 a factor of 51867913?
False
Is 11035524 a multiple of 16?
False
Does 742 divide 995059010?
False
Does 211 divide 27811277?
True
Does 502 divide 12360881?
False
Does 299 divide 125922056?
True
Is 6438354 a multiple of 54?
False
Is 15 a factor of 36202668?
False
Is 192906782 a multiple of 29?
True
Does 497 divide 98460944?
False
Is 266400083 a multiple of 41?
True
Does 96 divide 6339552?
True
Is 155861154 a multiple of 3397?
True
Does 21 divide 247061157?
True
Is 20 a factor of 103223300?
True
Is 379598600 a multiple of 200?
True
Is 52966965 a multiple of 57?
True
Does 29 divide 233298231?
False
Is 733241085 a multiple of 1451?
True
Does 5 divide 468864895?
True
Is 441050454 a multiple of 7254?
True
Does 1462 divide 330967560?
True
Does 1192 divide 9372684?
False
Is 7698783355 a multiple of 16?
False
Is 11900 a multiple of 25?
True
Does 22 divide 50179108?
False
Is 10690863 a multiple of 58?
False
Does 3421 divide 673232274?
True
Is 1702480 a multiple of 520?
True
Is 3507632841 a multiple of 2281?
True
Is 367 a factor of 22979338?
True
Is 2508 a factor of 86646133?
False
Does 5 divide 5857195?
True
Is 469782136 a multiple of 116?
True
Is 849 a factor of 16823784?
True
Is 32 a factor of 145370791?
False
Does 117 divide 19913282?
False
Does 228 divide 55746680?
False
Does 128 divide 106482709?
False
Is 122987624 a multiple of 813?
False
Is 179 a factor of 258054276?
True
Does 342 divide 48833230?
False
Does 33 divide 254315328?
False
Does 12 divide 6315400?
Fals